 a multiple of 11?
False
Is 4004 a multiple of 14?
True
Is 16804 a multiple of 49?
False
Does 3 divide 1836?
True
Is 11 a factor of 2678?
False
Does 19 divide 15908?
False
Is 513 a multiple of 5?
False
Is 35 a factor of 10185?
True
Does 8 divide 672?
True
Is 1360 a multiple of 4?
True
Is 2068 a multiple of 84?
False
Does 59 divide 1593?
True
Is 12 a factor of 5570?
False
Is 6 a factor of 809?
False
Is 10 a factor of 294?
False
Does 5 divide 255?
True
Does 82 divide 2460?
True
Does 163 divide 5060?
False
Is 167 a factor of 45311?
False
Is 4 a factor of 12448?
True
Is 99 a factor of 2574?
True
Does 2 divide 45?
False
Is 7771 a multiple of 19?
True
Is 102 a factor of 2958?
True
Is 110 a factor of 2970?
True
Does 5 divide 12?
False
Is 46 a factor of 42847?
False
Does 40 divide 1370?
False
Is 2090 a multiple of 27?
False
Does 341 divide 63582?
False
Is 2931 a multiple of 63?
False
Is 222 a factor of 10434?
True
Is 41 a factor of 19661?
False
Is 145 a factor of 20880?
True
Is 1121 a multiple of 19?
True
Is 13 a factor of 2314?
True
Is 2 a factor of 127?
False
Is 15 a factor of 135?
True
Is 5352 a multiple of 8?
True
Does 11 divide 8194?
False
Is 12 a factor of 372?
True
Is 4249 a multiple of 18?
False
Does 89 divide 11926?
True
Is 29 a factor of 4785?
True
Does 64 divide 17099?
False
Does 5 divide 4131?
False
Is 39 a multiple of 39?
True
Does 17 divide 38097?
True
Is 69 a factor of 7383?
True
Does 22 divide 4048?
True
Is 113 a factor of 56751?
False
Is 103 a factor of 6283?
True
Is 18050 a multiple of 5?
True
Is 2891 a multiple of 31?
False
Is 1890 a multiple of 7?
True
Is 460 a multiple of 31?
False
Is 820 a multiple of 20?
True
Is 60 a multiple of 12?
True
Is 17480 a multiple of 40?
True
Is 23 a factor of 13984?
True
Is 8 a factor of 485?
False
Is 162 a multiple of 2?
True
Does 14 divide 4043?
False
Is 43 a multiple of 10?
False
Is 2329 a multiple of 88?
False
Is 594 even?
True
Does 91 divide 819?
True
Is 5 a factor of 1633?
False
Does 16 divide 4624?
True
Is 5 a factor of 2035?
True
Is 3104 a multiple of 15?
False
Is 11 a factor of 2154?
False
Does 12 divide 1140?
True
Does 2 divide 19?
False
Is 4640 a multiple of 232?
True
Does 72 divide 216?
True
Does 20 divide 620?
True
Is 10 a factor of 5580?
True
Is 178 a multiple of 4?
False
Is 31 a factor of 7496?
False
Does 120 divide 1200?
True
Is 494 a multiple of 11?
False
Does 59 divide 1837?
False
Is 4104 a multiple of 36?
True
Does 19 divide 19619?
False
Is 5649 a multiple of 21?
True
Is 9 a factor of 729?
True
Is 3 a factor of 120?
True
Does 14 divide 962?
False
Does 79 divide 34848?
False
Is 3 a factor of 699?
True
Does 12 divide 2604?
True
Is 13 a factor of 249?
False
Is 10 a factor of 409?
False
Does 10 divide 1122?
False
Is 24 a factor of 7200?
True
Is 3168 a multiple of 48?
True
Is 11 a factor of 625?
False
Does 8 divide 11390?
False
Is 16 a factor of 1283?
False
Is 226 a factor of 79801?
False
Is 232 a multiple of 4?
True
Is 1117 a multiple of 41?
False
Is 780 a multiple of 26?
True
Does 22 divide 40702?
False
Is 8844 a multiple of 44?
True
Is 20 a factor of 4080?
True
Is 36256 a multiple of 88?
True
Is 14 a factor of 60108?
False
Does 29 divide 15975?
False
Is 13 a factor of 285?
False
Is 480 a multiple of 160?
True
Is 189 a factor of 15309?
True
Does 13 divide 2301?
True
Is 7305 a multiple of 12?
False
Is 114 a factor of 62657?
False
Is 45 even?
False
Is 2 a factor of 38?
True
Is 11664 a multiple of 38?
False
Does 8 divide 456?
True
Is 104 a multiple of 4?
True
Is 368 a multiple of 23?
True
Is 3132 a multiple of 54?
True
Is 12 a factor of 1744?
False
Is 85 a factor of 933?
False
Is 157 a multiple of 5?
False
Is 9919 a multiple of 13?
True
Is 175 a multiple of 11?
False
Is 13 a factor of 487?
False
Is 77 a factor of 924?
True
Does 11 divide 1391?
False
Is 4 a factor of 7977?
False
Does 72 divide 2994?
False
Is 183 a factor of 23020?
False
Does 42 divide 714?
True
Is 6109 a multiple of 17?
False
Is 363 a multiple of 33?
True
Is 1632 a multiple of 17?
True
Is 13896 a multiple of 12?
True
Is 765 a multiple of 5?
True
Is 5848 a multiple of 7?
False
Is 1158 a multiple of 6?
True
Does 171 divide 3249?
True
Is 3483 a multiple of 15?
False
Is 1485 a multiple of 55?
True
Does 7 divide 101?
False
Does 22 divide 198?
True
Is 2 a factor of 196?
True
Does 24 divide 2352?
True
Is 68460 a multiple of 84?
True
Is 9576 a multiple of 24?
True
Does 7 divide 387?
False
Is 726 a multiple of 3?
True
Does 5 divide 1386?
False
Is 479 a multiple of 11?
False
Is 36 a factor of 972?
True
Is 24 a factor of 640?
False
Does 5 divide 1745?
True
Is 1844 a multiple of 10?
False
Does 42 divide 20076?
True
Does 5 divide 2364?
False
Does 117 divide 2106?
True
Does 3 divide 142?
False
Is 11 a factor of 1492?
False
Is 11383 a multiple of 21?
False
Does 30 divide 236?
False
Does 148 divide 31820?
True
Is 185 a multiple of 4?
False
Is 474 a multiple of 6?
True
Is 340 a multiple of 17?
True
Is 13 a factor of 832?
True
Is 63 a multiple of 21?
True
Is 4998 a multiple of 21?
True
Does 61 divide 27145?
True
Is 6762 a multiple of 69?
True
Is 97 a factor of 37539?
True
Does 7 divide 897?
False
Does 127 divide 32004?
True
Is 46 a multiple of 4?
False
Does 142 divide 69262?
False
Is 13680 a multiple of 190?
True
Is 10681 a multiple of 52?
False
Is 732 a multiple of 12?
True
Does 130 divide 3695?
False
Does 24 divide 2022?
False
Is 366 a multiple of 8?
False
Is 79 a factor of 7606?
False
Is 11 a factor of 97746?
True
Does 134 divide 64052?
True
Is 1800 a multiple of 10?
True
Is 39 a factor of 3003?
True
Is 13 a factor of 763?
False
Is 527 a multiple of 31?
True
Is 545 a multiple of 28?
False
Is 17710 a multiple of 110?
True
Is 1926 a multiple of 11?
False
Does 11 divide 11660?
True
Does 16 divide 1424?
True
Is 118 a factor of 4811?
False
Is 275 a multiple of 25?
True
Does 5 divide 396?
False
Does 61 divide 15374?
False
Does 5 divide 1290?
True
Is 1095 a multiple of 7?
False
Is 22 a factor of 787?
False
Is 5105 a multiple of 240?
False
Is 9 a factor of 1985?
False
Does 9 divide 5930?
False
Is 60 a factor of 21060?
True
Is 770 a multiple of 6?
False
Is 592 a multiple of 16?
True
Is 35570 a multiple of 17?
False
Is 9 a factor of 2889?
True
Does 15 divide 605?
False
Is 19 a factor of 542?
False
Is 6 a factor of 648?
True
Does 16 divide 24?
False
Does 46 divide 1095?
False
Is 30681 a multiple of 11?
False
Does 38 divide 1996?
False
Does 6 divide 2375?
False
Is 15 a factor of 2334?
False
Is 72 a factor of 9806?
False
Does 56 divide 9016?
True
Is 437 a multiple of 6?
False
Is 151 a multiple of 5?
False
Does 18 divide 2296?
False
Is 7 a factor of 419?
False
Is 6 a factor of 451?
False
Is 11271 a multiple of 17?
True
Does 82 divide 172?
False
Does 7 divide 181?
False
Does 28 divide 5768?
True
Is 10 a factor of 670?
True
Is 13379 a multiple of 19?
False
Does 5 divide 1405?
True
Is 129144 a multiple of 20?
False
Does 54 divide 2461?
False
Does 7 divide 2425?
False
Is 2520 a multiple of 60?
True
Is 2830 a multiple of 9?
False
Is 3 a factor of 690?
True
Is 54824 a multiple of 8?
True
Is 23 a factor of 3956?
True
Does 43 divide 3075?
False
Is 468 a multiple of 36?
True
Does 14 divide 11257?
False
Is 32 a factor of 1504?
True
Does 21 divide 8883?
True
Is 1054 a multiple of 15?
False
Does 5 divide 14641?
False
Is 649 a multiple of 59?
True
Is 7 a factor of 96?
False
Is 3137 a multiple of 91?
False
Is 4 a factor of 76?
True
Does 12 divide 4687?
False
Is 21 a factor of 252?
True
Does 16 divide 28351?
False
Does 27 divide 460?
False
Is 4 a factor of 9931?
False
Is 1409 a multiple of 38?
False
Is 4 a factor of 120?
True
Is 16444 a multiple of 360?
False
Is 10 a factor of 10?
True
Does 20 divide 3247?
False
Does 76 divide 4560?
True
Is 24 a factor of 21120?
True
Is 12503 a multiple of 18?
False
Is 4109 a multiple of 48?
False
Does 13 divide 728?
True
Does 61 divide 852?
False
Is 21238 a multiple of 37?
True
Is 6 a factor of 113?
False
Is 573 a multiple of 10?
False
Is 160 a multiple of 4?
True
Is 8 a factor of 201?
False
Is 5564 a multiple of 13?
True
Does 50 divide 8950?
True
Does 26 divide 936?
True
Is 16 a factor of 2119?
False
Is 336 a multiple of 14?
True
Does 38 divide 841?
False
Is 52 a factor of 1086?
False
Is 76 a factor of 26372?
True
Does 91 div